r**2 + 55*r + 248. What is v(-50)?
-2
Let c(q) = 3*q - 80. What is c(28)?
4
Let v(d) = -d**2 + 30*d - 209. What is v(12)?
7
Let x(v) = -v**2 - 15*v - 8. Determine x(-14).
6
Let c(m) = -m**2 - 10*m. Give c(-10).
0
Let k(q) = -q + 6. Give k(0).
6
Let r(m) = -m**3 - m**2 + 6*m + 5. Calculate r(-4).
29
Let k(f) = f**2 - 8*f + 3. Determine k(5).
-12
Let w(a) = -a**3 + 6*a**2 - 3*a - 1. What is w(5)?
9
Let k(d) = 2*d - 3. What is k(3)?
3
Let b(y) = 8*y - 2. Calculate b(4).
30
Let u(v) = 147*v**3 + v**2 - v. Calculate u(1).
147
Let b(r) = -r**2 + 100*r - 659. Determine b(7).
-8
Let h(y) = -y**3 - 4*y**2 + 5*y + 17. Calculate h(-4).
-3
Let t(s) = -s**3 - 9*s**2 + 2*s + 9. Determine t(-9).
-9
Let v(q) = q**3 - 6*q**2 + 4*q - 15. Give v(6).
9
Let m(t) = t**3 - 7*t**2 - 7*t + 13. Give m(8).
21
Let l(z) = 2*z**2 - 13. Determine l(7).
85
Let m(x) = x**3 - 11*x**2 + 16*x + 13. Determine m(8).
-51
Let q(r) = r**3 + 10*r**2 - 23*r - 1. What is q(-12)?
-13
Let q(m) = m**2 - m - 32. What is q(0)?
-32
Let s(v) = v**3 + v**2 - v + 99. What is s(0)?
99
Let l(f) = 3*f - 19. What is l(18)?
35
Let l(n) = 3*n**3 + 8*n**2 + 2*n. Determine l(-3).
-15
Let b(n) = n**3 + 5*n**2 - 5*n + 1. Determine b(-6).
-5
Let j(d) = d**3 - 5*d**2 - 3*d + 5. What is j(3)?
-22
Let c(z) = z + 19. Give c(9).
28
Let o(v) = -7*v**2 - 12*v + 3. What is o(2)?
-49
Let x(i) = i**3 - 6*i**2 - 5*i - 22. What is x(7)?
-8
Let q(r) = r - 20. Give q(20).
0
Let x(b) = -b**2 + 12*b + 3. Give x(12).
3
Let b(i) = -i**2 - 13*i - 19. What is b(-12)?
-7
Let z(m) = 3*m**2 - 5*m - 19. Give z(3).
-7
Let j(r) = -46*r + 59. Give j(1).
13
Let t(r) = r**2 + 70*r - 465. What is t(6)?
-9
Let x(k) = 2*k**3 - 10*k**2 - 10*k + 1. Calculate x(6).
13
Let a(r) = r**2 + 21*r + 2. Determine a(-21).
2
Let l(j) = 3*j - 112. Give l(42).
14
Let c(n) = -76*n**2 + 6*n + 4. Determine c(-1).
-78
Let q(m) = -5*m - 45. Determine q(-10).
5
Let z(q) = q**2 + 4*q + 5. What is z(-5)?
10
Let t(h) = -3*h - 4. What is t(10)?
-34
Let s(h) = -h**2 + 43*h - 38. What is s(42)?
4
Let z(u) = 4*u - 33. Calculate z(8).
-1
Let z(t) = -50*t - 532. Determine z(-11).
18
Let f(z) = -z**3 - z**2 + 3*z + 1. Calculate f(-2).
-1
Let s(y) = y**2 - 15*y + 33. What is s(3)?
-3
Let s(f) = -2*f**3 - 15*f**2 + 9*f + 5. What is s(-8)?
-3
Let n(h) = h**3 - 8*h**2 + 4*h - 7. What is n(8)?
25
Let t(n) = -79*n - 79. Give t(-1).
0
Let t(i) = -2*i**3 - i**2 - 2*i - 4. Give t(-2).
12
Let u(m) = m**3 + 30*m**2 + 58*m + 28. Determine u(-28).
-28
Let u(c) = c - 11. Determine u(4).
-7
Let l(u) = u**3 - 3*u**2 - 13*u + 4. What is l(6)?
34
Let j(k) = -k**3 - 3*k**2 + 1. Determine j(-2).
-3
Let s(k) = 2*k**2 + 10*k + 15. Calculate s(-4).
7
Let i(r) = 3*r - 14. What is i(6)?
4
Let j(t) = -t**3 + t - 49. Determine j(0).
-49
Let x(d) = -d**3 + 14*d**2 - 11*d - 18. What is x(13)?
8
Let b(h) = -h**3 - h**2 + 10*h + 1. Determine b(-4).
9
Let a(r) = -r**2 + r + 12. Calculate a(0).
12
Let v(i) = 2*i**2 - 51*i - 38. What is v(26)?
-12
Let g(f) = -f**3 - 2*f**2 + 5*f - 4. Give g(2).
-10
Let z(y) = -19*y + 3. Determine z(2).
-35
Let s(z) = -z**2 - 7*z + 15. Calculate s(-8).
7
Let h(g) = -g + 16. What is h(9)?
7
Let g(t) = -t**3 + 15*t**2 - 6. Give g(15).
-6
Let f(j) = -j**2 - 8*j + 3. Determine f(-8).
3
Let a(g) = g**2 - 9*g - 17. Calculate a(8).
-25
Let j(y) = -2*y**3 - 3*y**2 - 4*y + 2. Calculate j(-2).
14
Let l(t) = -5*t**2 + 2*t - 3. Calculate l(2).
-19
Let x(w) = -w**3 - 5*w**2 - 3*w + 1. What is x(-5)?
16
Let k(o) = 3*o**2 - 3*o - 4. Determine k(4).
32
Let l(y) = y**2 + 9*y + 7. Give l(0).
7
Let u(q) = q**3 - q**2 - 2*q - 4. What is u(-2)?
-12
Let n(t) = -t. Determine n(-6).
6
Let x(q) = 13*q + 7. Determine x(5).
72
Let y(l) = 3*l**2 + 15*l - 6. Determine y(-8).
66
Let s(v) = -v**3 - 36*v**2 - 69*v - 41. Determine s(-34).
-7
Let k(o) = -2*o**2 + 8*o - 15. Give k(3).
-9
Let a(r) = -311*r - 2184. Calculate a(-7).
-7
Let m(g) = 22*g - 6. Give m(4).
82
Let w(f) = -4*f - 2. Give w(-2).
6
Let d(i) = -3*i**2 + 24*i + 54. Give d(-2).
-6
Let w(x) = x**2 + 11*x + 28. Determine w(-5).
-2
Let f(q) = -q**3 - 19*q**2 + 27*q + 1. Give f(-20).
-139
Let n(v) = 159*v - 475. Calculate n(3).
2
Let s(m) = m + 9. Calculate s(-7).
2
Let x(q) = -3*q - 34. Determine x(3).
-43
Let l(f) = 2*f - 1. Calculate l(10).
19
Let j(d) = 8*d**2 + 79*d - 22. Determine j(-10).
-12
Let l(r) = 84*r + 591. Give l(-7).
3
Let j(r) = r**3 - 7*r**2 - 3*r - 4. Determine j(6).
-58
Let m(h) = -h + 12. Calculate m(7).
5
Let a(n) = n**2 + 8*n. Determine a(-7).
-7
Let w(r) = -r**3 - 26*r**2 - 25*r - 5. Give w(-25).
-5
Let p(n) = -n**2 + 7. Calculate p(4).
-9
Let z(p) = -20*p - 122. Determine z(-6).
-2
Let l(k) = -k**3 + 33*k**2 + 31*k + 91. What is l(34)?
-11
Let u(r) = r**2 + 11*r + 11. Determine u(-16).
91
Let k(s) = -2*s**3 - 11*s**2 + 4*s + 1. Determine k(-6).
13
Let s(k) = 20*k - 171. Calculate s(9).
9
Let p(l) = l**3 + 21*l**2 + 36*l - 18. Determine p(-19).
20
Let z(t) = t**3 - 13*t**2 + 2*t - 27. What is z(13)?
-1
Let v(h) = -7*h + 36. What is v(5)?
1
Let u(i) = -i**3 + 2*i**2 + 11*i - 7. Give u(4).
5
Let v(a) = -a**3 + 5*a**2 + a - 11. Determine v(5).
-6
Let g(z) = z**3 + 8*z**2 + 9*z + 12. Calculate g(-8).
-60
Let p(c) = 10*c + 13. Give p(-4).
-27
Let f(n) = n + 15. What is f(-15)?
0
Let w(z) = z**3 + 2*z**2 - 4*z - 4. Calculate w(-2).
4
Let a(k) = -3*k**2 + 7*k - 3. Calculate a(4).
-23
Let d(y) = -y**2 - 11*y + 13. Determine d(-13).
-13
Let r(s) = -7*s + 38. Give r(7).
-11
Let i(m) = -m**2 - 8*m + 18. Give i(2).
-2
Let i(f) = -17*f - 44. What is i(-3)?
7
Let g(d) = d**2 + 5*d - 13. Determine g(-11).
53
Let f(c) = -c**3 - 6*c**2 - c - 7. Determine f(-7).
49
Let x(c) = -c**2 + 12*c - 4. Calculate x(0).
-4
Let u(t) = -t**2 + 14*t - 28. Give u(12).
-4
Let o(i) = -20*i**2 - 2*i + 1. Give o(-2).
-75
Let c(n) = 8*n**2 - 7*n - 8. What is c(-1)?
7
Let r(n) = 15*n - 3. Determine r(-3).
-48
Let t(q) = -q**3 - 7*q**2 - 8*q + 7. Give t(-5).
-3
Let g(c) = -5*c - 41. Give g(-8).
-1
Let q(j) = j - 6. Calculate q(9).
3
Let q(r) = -10*r - 12. Determine q(-1).
-2
Let q(o) = -3*o**2 + 93*o + 100. What is q(32)?
4
Let s(y) = y**2 + 3. Give s(-2).
7
Let s(v) = -8*v - 47. Give s(-5).
-7
Let f(w) = w - 2. Determine f(14).
12
Let x(s) = 8*s - 2. Give x(4).
30
Let r(j) = -60*j - 174. Determine r(-3).
6
Let f(l) = -l**2 + 15*l - 51. What is f(7)?
5
Let k(x) = -5*x - 65. What is k(-15)?
10
Let m(n) = -39*n + 12. What is m(3)?
-105
Let u(c) = -c**3 + 26*c**2 + 29*c - 93. Determine u(27).
-39
Let v(r) = r**3 + 8*r**2 + 9*r + 5. Calculate v(-6).
23
Let l(h) = -7*h + 3. Calculate l(2).
-11
Let t(m) = -3*m**2 + m - 3. Calculate t(1).
-5
Let m(f) = f**3 + 12*f**2 + 12*f - 1. Calculate m(-11).
-12
Let t(p) = p**2 - 6*p - 2. What is t(4)?
-10
Let x(m) = m**3 + 3*m**2 - 2*m - 3. What is x(-5)?
-43
Let p(l) = 25*l - 13. What is p(-4)?
-113
Let j(o) = 14*o - 3. Give j(3).
39
Let m(l) = -35*l - 1. Give m(-1).
34
Let g(h) = h**2 + 22*h - 58. Determine g(-24).
-10
Let g(i) = -39*i**3 - 2*i**2 + 2. What is g(-1)?
39
Let p(u) = 6*u + 4. Calculate p(-9).
-50
Let f(x) = -8*x**2 - 1. Calculate f(1).
-9
Let t(n) = n**3 + 11*n**2 + 10*n - 2. Calculate t(-10).
-2
Let j(l) = -25*l - 472. Determine j(-19).
3
Let d(k) = k**2 - 9*k + 30. Determine d(6).
12
Let v(c) = c**3 - 7*c**2 + c. Calculate v(7).
7
Let j(m) = m**3 - 16*m**2 + 12*m + 35. Give j(15).
-10
Let f(w) = 2*w**2 + 12*w + 7. Determine f(-5).
-3
Let p(r) = -r**3 - 5*r**2 + 7*r - 1. Calculate p(-4).
-45
Let m(r) = -r + 23. Determine m(2).
21
Let u(f) = 10*f + 47. Determine u(-15).
-103
Let u(b) = -4*b**3 + 6*b**2 - 5*b + 6. Determine u(2).
-12
Let m(n) = -n**2 + 56*n - 25. Calculate m(56).
-25
Let o(f) = f**3 + 30*f**2 + 2*f + 68. Give o(-30).
8
Let p(q) = -15*q - 92. Determine p(-6).
-2
Let d(q) = 9*q - 15. What is d(8)?
57
Let r(s) = -s**3 - 11*s**2 - 13*s - 38. Determine r(-10).
-8
Let b(o) = -2*o**2 + 12*o - 6. Calculate b(5).
4
Let q(c) = 2*c**2 - 26*c + 27. Calculate q(13).
27
Let p(q) = -q - 2. Calculate p(1).
-3
Let f(p) = p**2 - 3*p - 11. Determine f(5).
-1
Let n(k) = -7*k + 7. Determine n(-9).
70
Let v(t) = -t**2 - 23*t - 51. Determine v(-23).
-51
Let w(p) = -16*p + 18. Determine w(3).
-30
Let l(w) = 80*w**3 - w. Give l(-1).
-79
Let r(y) = -y**2 - 6*y - 6. What is r(-6)?
-6
Let g(u) = 14*u + 90. Determin